
Let d(l) = 39*l**2 + l. Determine d(-1).
38
Let h(w) = 40*w. Determine h(2).
80
Let o(z) = z**2 + 25*z + 28. Give o(-24).
4
Let o(b) = 3*b**2 + 15*b + 14. Determine o(-1).
2
Let r(k) = -k - 11. Determine r(-5).
-6
Let x(v) = -8*v + 3. Give x(2).
-13
Let c(y) = -y - 5. What is c(-17)?
12
Let l(y) = 46*y + 84. Give l(-2).
-8
Let m(i) = -i**2 + 33*i - 100. Determine m(30).
-10
Let j(b) = -b**2 - 12*b - 2. Determine j(-10).
18
Let j(m) = -5*m**3 - 6*m**2 - 4*m + 7. Determine j(-4).
247
Let f(t) = 8*t - 18. Determine f(2).
-2
Let h(b) = -b**2 + 6*b + 21. Determine h(8).
5
Let k(y) = -y**3 - 5*y**2 + 5*y - 5. Determine k(-6).
1
Let k(x) = x**3 - 4*x**2 - 3*x - 6. What is k(5)?
4
Let a(i) = i**2 - 25*i + 15. Give a(20).
-85
Let z(t) = 14*t**2 - 1. Determine z(-1).
13
Let z(v) = 4*v - 51. Determine z(11).
-7
Let i(j) = -53*j - 113. Give i(-2).
-7
Let b(v) = v**3 + 26*v**2 - 29*v - 62. Give b(-27).
-8
Let n(v) = -8*v + 32. Determine n(4).
0
Let j(f) = -10*f**3 + 2*f + 1. Determine j(-1).
9
Let x(m) = 6*m + 1. Give x(-1).
-5
Let n(l) = 9*l**3 - 6*l**2 - 7*l + 1. Determine n(-2).
-81
Let n(i) = i**2 - 5*i - 10. Give n(7).
4
Let t(c) = -3*c + 26. What is t(8)?
2
Let d(v) = v**2 - 33*v + 5. Determine d(33).
5
Let y(h) = -2*h - 45. What is y(0)?
-45
Let a(j) = 8*j + 77. Determine a(-9).
5
Let s(g) = -g**3 + 13*g**2 - 30*g + 7. Give s(10).
7
Let u(w) = -w**2 + 21*w - 27. What is u(15)?
63
Let a(k) = k**2 + 3*k - 7. Determine a(-7).
21
Let j(a) = -a**2 - 5*a - 51. Give j(-6).
-57
Let n(d) = d**2 - 11*d - 4. Give n(11).
-4
Let c(d) = -8*d + 1. What is c(6)?
-47
Let u(h) = -13*h - 145. Determine u(-11).
-2
Let q(j) = -3*j**2 + 22*j - 22. Calculate q(6).
2
Let l(a) = a**3 - 3*a**2 - 8*a - 3. What is l(6)?
57
Let t(s) = -s**3 - 2*s**2 + s + 9. Determine t(0).
9
Let v(w) = 2*w**2 - 13*w - 46. What is v(-3)?
11
Let m(v) = -2*v. Calculate m(5).
-10
Let m(z) = -3*z**2 - 47*z + 9. What is m(-15)?
39
Let w(n) = -3*n + 13. Determine w(10).
-17
Let c(f) = f**3 - 15*f**2 + 15*f - 13. What is c(14)?
1
Let u(b) = b**3 + 11*b**2 + 12*b + 15. Calculate u(-10).
-5
Let r(d) = d**2 - 6*d + 11. Calculate r(6).
11
Let o(l) = -l**3 - 41*l**2 + 44*l + 83. Determine o(-42).
-1
Let r(i) = 2*i**2 + 19*i - 15. Determine r(-10).
-5
Let f(l) = l + 6. Calculate f(9).
15
Let s(z) = 2*z**2 - 6*z - 5. Calculate s(6).
31
Let j(s) = -s**3 + 3*s**2 - 2*s - 3. What is j(3)?
-9
Let k(f) = -f**3 - 9*f**2 - 6*f + 14. What is k(-8)?
-2
Let l(s) = -s**3 + 7*s**2 - 3*s - 17. What is l(6)?
1
Let m(s) = -19*s - 33. Calculate m(-2).
5
Let p(j) = 4*j**2 - 47*j - 7. Determine p(12).
5
Let l(k) = -3*k**2 + 23*k + 18. What is l(10)?
-52
Let v(z) = -6*z + 15. Calculate v(3).
-3
Let t(q) = -21*q - 18. What is t(-1)?
3
Let a(t) = -6*t + 14. Calculate a(0).
14
Let f(y) = 12*y + 1. What is f(1)?
13
Let f(h) = -4*h**3 - 4*h**2 + 4. What is f(-2)?
20
Let m(s) = 15*s - 1. Give m(1).
14
Let x(j) = -j**2 - 18. What is x(0)?
-18
Let t(s) = -s**3 + 13*s**2 - 19*s + 54. Calculate t(12).
-30
Let v(k) = 3*k + 128. Determine v(-30).
38
Let o(w) = -w**3 - 5*w**2 + 25*w + 4. Determine o(-8).
-4
Let j(g) = -g**2 + 12*g + 12. Determine j(14).
-16
Let o(l) = 7*l**3 - 2*l**2 - l - 1. Calculate o(-2).
-63
Let k(c) = c**3 + 13*c**2 + 5*c - 12. Determine k(-12).
72
Let n(u) = -9*u - 12. Give n(-5).
33
Let r(d) = 2*d**2 - 48*d + 98. Give r(22).
10
Let h(f) = 4*f**2 + 119*f - 25. What is h(-30)?
5
Let r(i) = -26*i + 6. Determine r(2).
-46
Let m(d) = d**3 - 5*d**2 - 10*d - 14. Determine m(7).
14
Let n(p) = -p**3 + p**2 + 14. Calculate n(0).
14
Let j(b) = -b - 4. Calculate j(-2).
-2
Let c(a) = -a**3 - 8*a**2 + 6*a + 6. Give c(-8).
-42
Let i(o) = -3*o + 5. Calculate i(-5).
20
Let s(m) = 20*m - 65. Give s(4).
15
Let c(b) = 9*b - 1. Give c(-2).
-19
Let a(g) = -g**3 - 3*g**2 + 3. What is a(-4)?
19
Let l(s) = s**2 + s + 3. Calculate l(-4).
15
Let x(c) = -3*c - 31. Give x(-5).
-16
Let k(v) = v**2 + 23*v + 54. Calculate k(-20).
-6
Let f(g) = g**2 - 20*g + 39. Calculate f(18).
3
Let s(n) = n + 13. Determine s(-7).
6
Let o(b) = b**3 - 10*b**2 + 8*b + 5. Determine o(9).
-4
Let f(j) = -9*j**2 + 118*j - 26. Calculate f(13).
-13
Let k(u) = -4*u**3 + u**2 + u + 1. Give k(-1).
5
Let g(q) = q**3 + 11*q**2 + 21*q + 94. What is g(-10)?
-16
Let j(n) = 3*n - 34. Calculate j(11).
-1
Let t(k) = 13*k + 137. What is t(-8)?
33
Let r(g) = -g**2 + 7*g - 1. Calculate r(0).
-1
Let t(x) = 2*x**3 + 3*x**2 - 4*x + 11. Determine t(-4).
-53
Let f(g) = g**2 + 10*g - 8. Determine f(-12).
16
Let b(j) = -j**2 - 2*j + 10. What is b(-5)?
-5
Let r(x) = -3*x**2 - 23*x - 25. What is r(-6)?
5
Let d(l) = l**2 + 8*l + 1. What is d(-6)?
-11
Let b(k) = k**3 + 5*k**2 + 4*k + 2. What is b(-5)?
-18
Let u(w) = -w**3 + 6*w**2 + 5*w + 20. Calculate u(7).
6
Let c(b) = 3*b**3 + 2*b**2 - 2*b - 1. Give c(-2).
-13
Let f(l) = -l**3 + 2*l**2 + 2*l - 4. What is f(2)?
0
Let d(k) = k**3 + 8*k**2 + 9*k + 5. Calculate d(-7).
-9
Let p(y) = y + 14. What is p(3)?
17
Let t(n) = n**2 + 10*n + 10. Determine t(-9).
1
Let m(b) = -b**3 + 17*b**2 + 40*b - 51. Calculate m(19).
-13
Let u(h) = -4*h**2 + 3*h + 8. Give u(-2).
-14
Let f(k) = -k**3 - 23*k**2 - 41*k + 20. Give f(-21).
-1
Let h(g) = g**2 + 10*g - 7. What is h(-10)?
-7
Let d(q) = -q**3 - 10*q**2 + 11. Give d(-10).
11
Let p(w) = w**3 + 3*w**2 - 4*w - 4. Calculate p(-4).
-4
Let u(i) = -2*i**2 + i + 49. Determine u(0).
49
Let t(y) = -y**3 + 5*y**2 + 2*y. What is t(3)?
24
Let x(i) = i**2 + 4*i - 11. Determine x(6).
49
Let q(p) = -p - 18. Determine q(-8).
-10
Let p(b) = 2*b + 61. Determine p(0).
61
Let s(g) = -g**3 - 9*g**2 - 15*g - 16. Calculate s(-7).
-9
Let h(g) = 139*g - 702. Give h(5).
-7
Let t(f) = -f**2 + 8*f + 56. Calculate t(-6).
-28
Let v(x) = x**2 + 8*x - 35. What is v(-13)?
30
Let p(b) = b + 21. What is p(-15)?
6
Let b(g) = -g**3 - 9*g**2 + 13*g + 20. What is b(-10)?
-10
Let g(p) = -6*p - 25. Calculate g(-5).
5
Let f(s) = -s**2 + 6*s - 4. Determine f(2).
4
Let o(z) = 5*z**2 - 17*z + 28. Give o(4).
40
Let j(z) = z**3 - z**2 - 7*z. Calculate j(-3).
-15
Let x(g) = -2*g**3 - 29*g**2 - 11*g + 47. Give x(-14).
5
Let g(s) = -s + 2. What is g(0)?
2
Let z(u) = -u**3 - 11*u**2 - 11*u + 15. Determine z(-10).
25
Let n(l) = -l**2 + 2*l + 1. Determine n(-2).
-7
Let s(u) = -u - 41. Calculate s(11).
-52
Let q(y) = y**3 - 11*y**2 + 11*y - 13. What is q(10)?
-3
Let v(p) = p**3 + 11*p**2 - 11*p + 17. Determine v(-12).
5
Let o(m) = m**3 - 5*m**2 + 7*m - 6. Calculate o(5).
29
Let c(f) = -6*f**2 + 2. Determine c(-1).
-4
Let l(y) = y**3 - 12*y**2 + 13*y - 14. Give l(11).
8
Let x(c) = c**2 - 7*c + 4. Give x(5).
-6
Let y(l) = -6*l - 12. Calculate y(-1).
-6
Let p(n) = -2*n**3 + 15*n**2 + 5*n + 24. Calculate p(8).
0
Let i(h) = h**2 + h - 18. Calculate i(0).
-18
Let c(v) = v - 1. Calculate c(1).
0
Let j(n) = -5*n + 56. Determine j(15).
-19
Let r(o) = 2*o + 29. Determine r(-12).
5
Let y(u) = 2*u - 7. Give y(-6).
-19
Let g(v) = 8*v + 16. Determine g(-7).
-40
Let r(l) = l**3 - 16*l**2 - 16*l - 5. Give r(17).
12
Let s(f) = 4*f - 2. Determine s(-3).
-14
Let z(o) = o**2 + 3*o - 5. Give z(-4).
-1
Let r(v) = v**3 + 12*v**2 + 8*v - 6. What is r(-10)?
114
Let l(g) = g**2 + 27*g + 59. Calculate l(-24).
-13
Let g(a) = 2*a**3 + 18*a**2 + 4*a + 30. Give g(-9).
-6
Let a(i) = -233*i + 2097. What is a(9)?
0
Let k(d) = 15*d + 112. Give k(-8).
-8
Let g(p) = -p**3 - 3*p + 3. What is g(1)?
-1
Let k(x) = -x - 16. Calculate k(-9).
-7
Let w(p) = -3*p**2 - 3*p + 22. Give w(4).
-38
Let d(b) = b**2 + 3*b - 8. Determine d(-9).
46
Let v(t) = t**2 - 22*t - 34. Determine v(23).
-11
Let p(v) = -2*v**2 - 52*v - 29. Calculate p(-26).
-29
Let z(v) = -2*v**3 + 9*v**2 - 9*v - 1. Determine z(5).
-71
Let l(a) = a**2 + 4*a + 4. Calculate l(-3).
1
Let z(f) = -f**3 - 9*f**2 + 21*f + 16. Calculate z(-10).
-94
Let k(t) = -5*t**3 - 19*t**2 + t - 4. Calculate k(-4).
8
Let m(y) = -4*y**2 + 9*y - 4. Give m(3).
-13
Let p(x) = -3*x - 33. Give p(-7).
-12
Let d(a) = a**2 + 2*a - 5. What is d(10)?
115
Let i(p) = -p**2 + 27*p + 38. Determine i(28).
10
Let g(q) = q**2 - 4*q + 108. Give g(0).
108
Let c(i) = -i**2 + 5*i + 14. Calculate c(6).
8
Let l(h) = -9*h + 4. What is l(4)?
-32
Let k(x) = 6*x**3 - 14*x**2 - 5*x + 3. What is k(3)?
24
Let q(t) = t**3 + 7*t**2 + 8*t + 9. Give q(-6).
-3
Let l(g) = 36*g - 1. Give l(1).
35
Let 